185 = -f*c. What is the hundreds digit of o?
6
Let d = 76 - 70. Suppose 3*w - d = 0, -5*w - 178 = -m - 57. What is the tens digit of m?
3
Let h = -13 - 12. Let c = 30 + h. Suppose o - c*b = 212, 5*o - 6*b = -b + 980. What is the hundreds digit of o?
1
Let m be (-16)/(-6)*(-510)/10. Let r = m + 141. Suppose 25 = -r*t, -11*t + 16*t - 600 = -5*o. What is the hundreds digit of o?
1
Suppose -21*w + 39*w = -612. Let k = 396 - w. What is the units digit of k?
0
Suppose 4*m - 3*c = -43638 + 241304, 0 = 4*m - 2*c - 197660. What is the units digit of m?
2
Let v = 257 - 255. Suppose v*d - 170 = -s, 5*d + 0*s - 434 = 2*s. What is the units digit of d?
6
Let w = 351 + -346. Suppose 83 - 87 = -o, -w*f + 2*o = -6647. What is the units digit of f?
1
Let k be 1 - 34/1*630/(-36). Suppose -3*h + k = -574. What is the tens digit of h?
9
Let v = -27 - -37. What is the tens digit of 3/v + 9891/30?
3
Suppose 26*b = 132*b + 85*b - 8344790. What is the ten thousands digit of b?
4
Suppose 21*u = 17*u + 620. What is the tens digit of 2173/4 - u/124?
4
Let n = -933 - -1602. What is the tens digit of n?
6
Suppose 36*u = -929940 + 2597640. What is the hundreds digit of u?
3
Let t(z) = z**2 + 3*z - 46. Let a be t(20). Suppose 0 = 5*b + 134 - a. What is the tens digit of b?
5
What is the units digit of ((-16778880)/(-70))/6 + (-36)/(-28) + -1?
0
Let d(v) = -88*v - 83. Let h be d(-5). Suppose -2336 = -361*r + h*r. What is the hundreds digit of r?
5
Let j be (0 - -1 - 0) + (-500)/(-5). Suppose 96*h = j*h - 4600. What is the units digit of h?
0
Let h = -30 + 33. Suppose -b - 5*z = -3*z + h, -21 = -5*b - z. Suppose b*u = -149 + 824. What is the hundreds digit of u?
1
What is the thousands digit of 20/(-80) - ((-4)/(-22) + (-475238)/88)?
5
Let l = 3120 - 1213. What is the thousands digit of l?
1
Suppose 0 = -m - a + 2835, 3*m + 2*a - 5380 - 3130 = 0. What is the units digit of m?
0
Let y = -47 + 51. Let h(g) = 11*g**2 + 25*g - 36. What is the hundreds digit of h(y)?
2
Let f be -2 - ((-5)/3 + (-30)/9). Suppose f*k + 39*w - 43*w - 1244 = 0, 0 = -5*k - 3*w + 2054. What is the tens digit of k?
1
Suppose -13*i + 18*i - 20 = 0. Let f be 1 - (1 + 0) - (i - 6). Suppose 2*s - 538 = -4*q, -4*q + 3*q = -f*s - 147. What is the units digit of q?
7
Suppose 0 = 28*v - 31*v + 5193. Suppose -8*o + 461 = -v. What is the units digit of o?
4
Suppose 6 = -o + 3*x, 20 = -2*o + x - 3*x. Let t(h) = -32*h + 79. What is the tens digit of t(o)?
6
Suppose -4*t = -28, 3*p - 8*t = -7*t + 90092. What is the hundreds digit of p?
0
Suppose -35070 + 13620 = 25*y. Let w = 31 - y. What is the units digit of w?
9
Let f(z) = 49*z - 209. Let s(i) = 10*i - 42. Let u(r) = 2*f(r) - 11*s(r). What is the hundreds digit of u(-19)?
2
Let v = -6 + 6. Let c(j) = -j**3 + j + 9. Let k be c(v). What is the tens digit of 1757/21 - 6/k?
8
Let o(b) be the first derivative of 11*b**4/4 - 7*b**3/6 + 4*b**2 - 12*b - 12. Let c(f) be the first derivative of o(f). What is the hundreds digit of c(2)?
1
Let w(j) = 100*j + 1309. What is the tens digit of w(21)?
0
Let l(z) = -58*z + 1986. What is the thousands digit of l(-48)?
4
Suppose 0 = 4*r - 3*h - 14, -4*h - 2 = 2*r - 4*r. Suppose r*k = -2*v + 3 + 6, 0 = -4*k - 4. What is the units digit of 18*v/(56/12)?
7
What is the units digit of (-6)/(24/(-53906)) - 91/26?
3
Let y = 449 - 750. Let h = y + 832. What is the tens digit of h?
3
Suppose -w + 4*w = 2*i + 570, -5*w - 5*i + 925 = 0. Suppose -2*z + 780 = w. Suppose -8*p = -12*p + z. What is the units digit of p?
4
Let r be (-1)/((-5)/25) + -89. Let c = r + 115. Suppose -b + 5*a = -66 - c, -b - a + 91 = 0. What is the units digit of b?
2
Suppose 4*y + 2*o + 7174 = 4*o, -5*y = 5*o + 8945. Let v = -648 + y. What is the hundreds digit of (42/15 - 2)/((-16)/v)?
1
What is the hundreds digit of ((-140)/6)/(-1*11/12837)?
2
Suppose 15*g - 35*g + 17960 = 0. What is the tens digit of g?
9
Let q(x) = -6*x - 20. Let s be q(-17). Let t = 79 - s. What is the tens digit of -12*(36/(-8) - t)?
1
Let g = 186 + -625. Let b = 1181 + g. What is the tens digit of b?
4
Let s = 303 + -303. Suppose 7 = -7*p + 8*p + 3*v, 2*p + 2*v - 14 = s. What is the units digit of p?
7
Let c(d) be the first derivative of d**5/12 + 23*d**4/12 + 2*d**3 - 14*d**2 - 9. Let t(n) be the second derivative of c(n). What is the units digit of t(-9)?
3
Suppose 0 = -4*r + 256 + 256. Let d be 1/(-6) - ((-518)/12 + 2). Let f = r - d. What is the units digit of f?
7
Let k = -6247 + 9137. What is the thousands digit of k?
2
Let y(n) = -20*n**3 - 3*n**2 + 8*n + 28. Let x be y(-5). Suppose -2*r - 3210 = -4*p, 3*p + 2*r = -2*r + x. What is the tens digit of p?
0
Let v(n) = -35*n - 16. Suppose 2*m + 14 = -2*t, t = 6 - 7. What is the tens digit of v(m)?
9
What is the tens digit of (-360892)/(-32) - -3 - (-2)/(23 - 7)?
8
Suppose 5*o - 4*o - 11115 = -t, -18*t = o - 200155. What is the hundreds digit of t?
1
Suppose 137*k = -466833 + 2385244. What is the units digit of k?
3
Let t(d) = d**3 - 39*d**2 + 103*d + 721. What is the thousands digit of t(45)?
7
Let x(n) = n - 1. Let h be x(2). Let v(w) = 18*w**2 - 3*w + 3. Let y(r) = r - 1. Let k(f) = h*v(f) + 2*y(f). What is the tens digit of k(-2)?
7
Let t = 982 + 157. Suppose -f + 21*q = 17*q - t, 0 = -3*f + 5*q + 3431. What is the hundreds digit of f?
1
Let g(d) = d**3 - 4*d**2 + 9*d - 5. Let k be g(6). Let l = k - 56. Suppose l = 9*s - 4*s. What is the tens digit of s?
1
Let w(s) = -87*s - 9*s + 23 + 18*s. What is the tens digit of w(-6)?
9
Suppose -49*i - 23699 = -3*d - 48*i, -5*i + 15822 = 2*d. What is the thousands digit of d?
7
Suppose 100828 = -4*v + 30*v. Suppose 10*y - v = -4*y. What is the units digit of y?
7
Let a be 10/4*(-5 - -7). Suppose -4*u - 5*q = -3014, a*u + 2*q - 3732 = 44. What is the tens digit of u?
5
Let d be 5 + (-3 - 72*-7). Suppose -4*u + f + 512 = 9, 4*u - 2*f = d. What is the tens digit of u?
2
Let s(c) be the first derivative of c**4/2 + 25*c**3/3 - 9*c**2/2 - 10*c - 25. What is the units digit of s(-12)?
2
What is the ten thousands digit of 0 + ((-20201)/2)/((-27)/(-18) - 2)?
2
Suppose -2*g + 4*d - 132 = 3*g, -5*g + 3*d - 129 = 0. Let c be (6/(-10))/(g/120). Suppose -c*f - 72 = -b, 2*f + f = -15. What is the units digit of b?
7
Let p(s) = -68*s + 248. Let r be p(-25). Suppose -17*o + r = -8745. What is the units digit of o?
9
Suppose 1040 = 6*a - a. Let z = 609 - a. What is the hundreds digit of z?
4
Let t be 2*(-1 - (-104)/16). Suppose 7658 = t*b - 3628. What is the hundreds digit of b?
0
Suppose x = 3*n + 341, -1483 = -5*x - 3*n + 168. Let a = x + -313. What is the units digit of a?
9
Suppose -7 = -4*r + v, -r + 1 + 22 = 4*v. What is the units digit of 541 - (-4 - r - -13)?
5
Let x be 4 - (-2*4)/(-4). Suppose -3*j + u + 2*u = -318, x*j = -4*u + 206. Suppose 5*a - 270 = -5*d, 2*a - j = -5*d - 6. What is the units digit of a?
7
Let v = -5 - 10. Let q(b) = -438*b + 220*b + 216*b + 33. What is the tens digit of q(v)?
6
Let w(z) = 8*z**2 + 305*z + 111. What is the tens digit of w(-45)?
8
Let d(b) be the first derivative of -3*b**4/2 + 2*b**3 + 3*b**2/2 - 33*b + 159. What is the tens digit of d(-6)?
6
Let s(g) = 2*g**2 + 32*g + 81. Let w be s(-33). Let k = w + -495. What is the tens digit of k?
0
Suppose -5*b + 116652 = -4*c, c + 36361 = 2*b - 10304. What is the hundreds digit of b?
3
Let g(y) = 7*y + 14. Let u be (-40)/(-7) + (-6)/(-21). Let l be g(u). Let w = -24 + l. What is the units digit of w?
2
Suppose 5*k + c - 2806 = -153, -3*k = 3*c - 1587. Let g = k - 209. What is the units digit of g?
2
Let x = -431 - -167. What is the units digit of (8 - -5)/((-4)/x*3)?
6
Suppose 161 = 13*f - 36*f. Let b(a) = -2*a**3 - 6*a**2 + 13*a - 21. What is the units digit of b(f)?
0
Let b = 9669 - 9326. What is the tens digit of b?
4
Let r(p) be the second derivative of p**5/20 + 11*p**4/12 - p**3/6 - 8*p**2 - 6*p. Let j = -688 + 678. What is the units digit of r(j)?
4
Let n be (-9090)/(-2)*4/6. Suppose -n = 4*a - 9*a. Suppose -3*m + a = 3*x, 2*m = -0*x - x + 201. What is the units digit of x?
3
Let s be (-11133)/21 - (-4)/28. What is the hundreds digit of (-63)/36 - (-3)/4 - s?
5
Suppose -146988 = -3*w + 3*z, 2*w - 12*z = -16*z + 97956. What is the units digit of w?
0
Let a = 140294 + -96828. What is the hundreds digit of a?
4
Let g(b) = b**